-b - 2*i - 2*i + 327, 0 = 4*b - 2*i - 1308. Suppose -2*w + 4*h + b + 359 = 0, -4*w = 4*h - 1408. List the prime factors of w.
349
Let h(v) = 157*v + 1101. What are the prime factors of h(25)?
2, 7, 359
Suppose 3*u - 2*h = -4*h + 9085, -3*h - 6074 = -2*u. What are the prime factors of u?
7, 433
Let n(x) = 3*x**3 + 31*x**2 - 28*x + 14. Let o(k) = 2*k**3 + 21*k**2 - 19*k + 9. Let b(w) = 5*n(w) - 7*o(w). What are the prime factors of b(5)?
3, 11
Suppose r - 4*q = 24, -45 = -9*r + 4*r - 5*q. Suppose 0 = -2*c + r - 2. What are the prime factors of (5/(-2))/(c/(-50))?
5
Suppose -2*c = -26*c + 3*c + 222705. List the prime factors of c.
3, 5, 7, 101
Let g(q) = 55*q**2 - 19*q + 28. What are the prime factors of g(12)?
2, 5, 193
Let v(y) = 165*y - 565. List the prime factors of v(101).
2, 5, 7, 23
Let c(v) = 2310*v**2 + 15*v + 1. List the prime factors of c(-2).
61, 151
Let r = -486 - -490. Suppose b = -5*c + 999, -3*b - r*c + 3290 = 271. What are the prime factors of b?
1009
Let g(q) = q**3 - 7*q**2 - q - 53. Let d be g(8). What are the prime factors of (68/(-10))/(d/(-300))?
2, 5, 17
Let f = 266 - 263. Suppose 3*g - 954 = -2*x, -11*x + 2364 = -6*x - f*g. List the prime factors of x.
2, 3, 79
Suppose -5*b = 3*x - 13462, -253*b = -254*b + 2. What are the prime factors of x?
2, 19, 59
Suppose -2*i = 4*v - 21970, -2*i - 5106 + 27074 = 5*v. List the prime factors of i.
3, 11, 37
Let k(j) = 5*j - 32 - 27 - 3*j + 2*j. Let c be k(15). List the prime factors of (-3 + 32*c)*(-1 - -4).
3, 29
Let k be (-2)/3 - 950/(-57). Let u = 627 + k. List the prime factors of u.
643
Suppose 0 = -w - 4 + 1, 3*w = 3*s - 30. Suppose -5*i = -3*q + s*q - 2842, 0 = -5*i + 10. What are the prime factors of q?
2, 3, 59
Let s = -451 + 471. List the prime factors of (-65)/(-39)*2892/s.
241
Let y(n) = 46*n**3 + 4*n**2 + 18*n - 24. List the prime factors of y(7).
2, 4019
Let w = 9879 - 3424. List the prime factors of w.
5, 1291
Let s(p) = p + 3. Let j(k) = 17*k + 2. Let n(w) = j(w) - 2*s(w). List the prime factors of n(5).
71
Suppose -59*n + 57*n - 8200 = -2*i, -2*i = -n - 8205. List the prime factors of i.
5, 821
Let s = -55 - -15. Let k = s - -44. Suppose 4 = -k*d, 4*d + d + 109 = 2*n. What are the prime factors of n?
2, 13
Suppose 5*b = -0*b - 3*v - 25, b - 2*v - 8 = 0. Let r be b - (-3 - (-250)/(-5)). Let q = 7 + r. List the prime factors of q.
2, 29
Let y = 41574 + -10154. What are the prime factors of y?
2, 5, 1571
Let i = -7876 + 12942. What are the prime factors of i?
2, 17, 149
Let v(o) = o**3 - 12*o**2 + 2. Let g be v(12). Suppose -2*p - 270 + 1116 = g*f, p + 2 = 0. What are the prime factors of f?
5, 17
Let w(o) = 556*o + 3669. List the prime factors of w(13).
17, 641
Let t = 6576 + -2678. List the prime factors of t.
2, 1949
Suppose 0 = 19*x - 91*x + 175129 + 1229159. List the prime factors of x.
2, 23, 53
Let v(t) = 4*t**3 - 9*t**2 - 6*t + 8. Let a be (-8)/(-2 - 0) - (-1 - -1). Let n be 2/(-8) - (a/(-16) + -4). What are the prime factors of v(n)?
2, 3
Suppose 3*w = -4*d - 0*d + 1504, 4*d - 2*w - 1504 = 0. Let t = d - 261. What are the prime factors of t?
5, 23
What are the prime factors of (-1 - 6/(-18))/((-24)/1849356)?
47, 1093
Let o(b) = b**3 - 10*b**2 - 17*b. Suppose 4*k + 0*q + 4*q - 156 = 0, 4*k - 153 = -3*q. Suppose 21*x - 24*x + k = 0. List the prime factors of o(x).
2, 3, 7
Let y = 21167 + -12965. List the prime factors of y.
2, 3, 1367
Suppose 0 = 115*u - 111*u - 16, 0 = -o + 2*u + 18430. What are the prime factors of o?
2, 3, 7, 439
Let f(w) = 103*w**2 - 2. Let c be f(2). List the prime factors of (-5 - -12) + 0 + c.
3, 139
Let s(i) = -2100*i**3 + 4*i**2 + 23*i + 47. What are the prime factors of s(-2)?
67, 251
Let b(y) = 888*y**2 + 156*y + 940. List the prime factors of b(-6).
2, 7993
Suppose -22 - 114 = -8*g. Let c(v) = -v**2 + 16*v + 32. Let r be c(g). Suppose 296 = o + r. List the prime factors of o.
281
Let q = 251 - 544. Let m = 101 - q. List the prime factors of m.
2, 197
Let o be (-10)/(400/56)*-5. List the prime factors of (-4)/14 - -5*454/o.
2, 3
Let r(d) = -49*d - 35. Let f be r(-9). Suppose -2*b - 2*s = -4, 3 = -s + 1. Suppose -3*w + 7*w + 536 = b*l, -w - f = -3*l. What are the prime factors of l?
2, 17
Let r(b) = -b**3 + 19*b**2 - 21*b + 58. Let v be r(18). Suppose 601 = 5*w + 3*q + 85, v*q = -w + 110. List the prime factors of w.
2, 3, 17
What are the prime factors of (1 + 0 - -22521) + 12/6 + 1?
5, 17, 53
Suppose 0 = 2*d - j - 2403, 3*j - 3070 = -3*d + 512. List the prime factors of d.
11, 109
List the prime factors of ((-25527)/254)/(3/(-332)).
2, 67, 83
Suppose -560*l = -563*l + 594. Suppose 2*r - 4*r = 0. Suppose -4*n + 2*g + l = r, n = -3*n + 3*g + 199. List the prime factors of n.
7
Let z(v) be the second derivative of 2*v**4/3 + 13*v**3/6 + 147*v**2/2 + 175*v. What are the prime factors of z(-9)?
2, 3, 113
Let x = -71 + 68. Let w be (-6)/(-8)*4*x. What are the prime factors of (-3)/w - 161/(-3)?
2, 3
Let u be 9 - -1678 - 0*1/(-4). Let x = u - 1162. List the prime factors of x.
3, 5, 7
Suppose 0 = r - d - 7, 0*d + d = -4*r + 43. Let b = 1381 - 1372. Let i = r + b. What are the prime factors of i?
19
Let u = 35760 - 16489. What are the prime factors of u?
7, 2753
Suppose 53*w - 51*w = 8. Suppose w*v = -2*l, v = -v + 5*l + 24. Suppose -v*q - 72 = -a, 4*a - 288 = -16*q + 13*q. What are the prime factors of a?
2, 3
Let w = 25 - 19. Suppose 0 = w*x - 0*x. What are the prime factors of (-1 - x)/((-14)/518)?
37
Let x(l) = -l - 3. Let s be x(-7). Suppose 0 = s*t + 8, 0 = -5*f + 6*t - 2*t + 128. Suppose -f*a + 26*a = 296. What are the prime factors of a?
2, 37
Let d be -1*3 - (6 + -14 + 5). Suppose 15*i - 18*i + 1956 = d. List the prime factors of i.
2, 163
Let g = -28 - -64. Let y be g/(-8)*(-8)/6. What are the prime factors of (-9)/y*(-2328)/18?
2, 97
Let h = -37 + 41. Suppose 1305 = h*c + 3*w, w + 487 = 4*c - 838. List the prime factors of c.
2, 3, 5, 11
Let k(x) = -x**3 + 64*x**2 + 13*x + 229. What are the prime factors of k(64)?
1061
Suppose -3*n + 4*n - 3*a = 0, 0 = -3*a + 3. Suppose 623 - 1855 = -4*b - 2*s, s + 924 = n*b. List the prime factors of b.
2, 7, 11
Let x(o) = -37*o**2 - 435*o - 34. List the prime factors of x(-10).
2, 7, 11
Suppose 0*c + 1438 = 4*c - r, -1808 = -5*c - 4*r. Suppose -4*y + c = -0*y. Let a = y + 16. What are the prime factors of a?
2, 53
Let t = 35631 - -35629. What are the prime factors of t?
2, 5, 7, 509
Let b(s) = 5*s + 1 - 16*s + 10*s. Let p be b(-2). Let c(i) = 38*i + 15. List the prime factors of c(p).
3, 43
Suppose 3*l = -2*k + 7, -7*k + 3*k + 35 = -l. Suppose -k*q = -2263 - 1145. What are the prime factors of q?
2, 3, 71
Suppose 4*w - 16 = -3*d, 3*d - 5*w = 6*d - 14. Suppose 8*k + 8 = -d. List the prime factors of (-42)/k + -3 + 6.
2, 3
List the prime factors of ((-6303)/1146)/(22/(-40856)).
2, 5107
Suppose -12*o + 3*y - 834 = -13*o, y + 1633 = 2*o. Let t = 1757 - o. What are the prime factors of t?
2, 7, 67
Suppose 3*u = -6*b + 72976 - 16060, -18937 = -u + 5*b. List the prime factors of u.
2, 19, 499
Let i(m) = -9*m**3 - 13*m**2 - 8*m - 20. List the prime factors of i(-11).
2, 5237
Let c(p) be the second derivative of 277*p**5/20 - p**2/2 - 14*p + 1. What are the prime factors of c(1)?
2, 3, 23
What are the prime factors of (-162680)/20*(14 - 15)?
2, 7, 83
Suppose l + 32*l - 99 = 0. Suppose 224 = p - 2*g, -678 = -51*p + 48*p + l*g. What are the prime factors of p?
2, 3, 19
Let m = 158 - 140. List the prime factors of (-2190)/m*(-2 + -1).
5, 73
Suppose -20 = -5*f + d, f + 3*d + 0*d - 4 = 0. Let j be (f - -7 - 5)/((-4)/(-14)). Suppose 2*w - s - 487 = 0, -2*w - j = 2*s - 499. List the prime factors of w.
2, 11
Suppose -11*a + 14*a - 10501 = -5*l, 4*a - 7*l = 14056. What are the prime factors of a?
3, 7, 167
Let q = -658 - -647. Let m = -26 - -70. Let f = m + q. What are the prime factors of f?
3, 11
Suppose i = 5*i - 12. Suppose r + 322 = 3*x + i*r, 0 = -x - r + 107. Suppose 3*a + x = 6*a. List the prime factors of a.
2, 3
Let t = 400 + -363. Suppose 34*j + 5*x + 556 = t*j, -2*j - 2*x + 344 = 0. What are the prime factors of j?
3, 59
Let l(x) = x**3 - 25*x**2 + 29*x - 2. Let g = -105 + 77. Let i = g - -52. List the prime factors of l(i).
2, 59
Suppose 116*b - 466*b + 11562032 = 171*b. List the prime factors of b